ainder when 626 is divided by 269?
88
What is the remainder when 39378 is divided by 916?
906
Calculate the remainder when 520517 is divided by 28.
25
Calculate the remainder when 1400 is divided by 105.
35
Calculate the remainder when 528 is divided by 259.
10
Calculate the remainder when 37669 is divided by 26.
21
What is the remainder when 51516 is divided by 16?
12
What is the remainder when 395898 is divided by 1419?
1416
Calculate the remainder when 54554 is divided by 79.
44
What is the remainder when 4035438 is divided by 1382?
1380
What is the remainder when 5279 is divided by 2600?
79
What is the remainder when 34984 is divided by 611?
157
What is the remainder when 28338 is divided by 162?
150
Calculate the remainder when 1239 is divided by 410.
9
What is the remainder when 852 is divided by 57?
54
What is the remainder when 152815 is divided by 3918?
13
What is the remainder when 163796 is divided by 525?
521
What is the remainder when 14023 is divided by 637?
9
Calculate the remainder when 219751 is divided by 43943.
36
Calculate the remainder when 60395 is divided by 60364.
31
Calculate the remainder when 4972 is divided by 825.
22
Calculate the remainder when 132 is divided by 107.
25
What is the remainder when 2825 is divided by 895?
140
What is the remainder when 7069 is divided by 100?
69
Calculate the remainder when 4710 is divided by 2026.
658
What is the remainder when 26457 is divided by 53?
10
What is the remainder when 126766 is divided by 42250?
16
What is the remainder when 51979 is divided by 366?
7
What is the remainder when 28855 is divided by 53?
23
Calculate the remainder when 25906 is divided by 17.
15
What is the remainder when 587214 is divided by 749?
747
What is the remainder when 81764 is divided by 237?
236
Calculate the remainder when 14644 is divided by 7311.
22
Calculate the remainder when 10167 is divided by 130.
27
Calculate the remainder when 11320 is divided by 2728.
408
Calculate the remainder when 918 is divided by 92.
90
Calculate the remainder when 944 is divided by 39.
8
What is the remainder when 6262 is divided by 1319?
986
Calculate the remainder when 24741 is divided by 1901.
28
Calculate the remainder when 33723 is divided by 33703.
20
What is the remainder when 8528925 is divided by 11?
9
What is the remainder when 934 is divided by 184?
14
Calculate the remainder when 6573 is divided by 275.
248
What is the remainder when 38591 is divided by 252?
35
Calculate the remainder when 31641 is divided by 15765.
111
What is the remainder when 74933 is divided by 14?
5
What is the remainder when 16823 is divided by 1294?
1
Calculate the remainder when 2238 is divided by 680.
198
What is the remainder when 39632 is divided by 12987?
671
What is the remainder when 760 is divided by 1?
0
Calculate the remainder when 263230 is divided by 32.
30
What is the remainder when 869385 is divided by 13?
10
Calculate the remainder when 158813 is divided by 1890.
53
Calculate the remainder when 964 is divided by 7.
5
What is the remainder when 2060724 is divided by 775?
774
Calculate the remainder when 280173 is divided by 2547.
3
Calculate the remainder when 30893 is divided by 315.
23
What is the remainder when 346 is divided by 227?
119
Calculate the remainder when 3157 is divided by 295.
207
What is the remainder when 589038 is divided by 303?
6
What is the remainder when 43524 is divided by 5?
4
Calculate the remainder when 225263 is divided by 312.
311
What is the remainder when 275010 is divided by 1993?
1969
Calculate the remainder when 4312 is divided by 54.
46
What is the remainder when 5580 is divided by 277?
40
What is the remainder when 519438 is divided by 172?
170
What is the remainder when 75250 is divided by 23?
17
What is the remainder when 3809 is divided by 951?
5
What is the remainder when 3098 is divided by 118?
30
What is the remainder when 12766 is divided by 27?
22
What is the remainder when 389210 is divided by 129718?
56
Calculate the remainder when 1175 is divided by 583.
9
Calculate the remainder when 513 is divided by 253.
7
Calculate the remainder when 918918 is divided by 219.
213
What is the remainder when 9372 is divided by 120?
12
What is the remainder when 1354 is divided by 444?
22
Calculate the remainder when 21504 is divided by 67.
64
What is the remainder when 6786 is divided by 87?
0
What is the remainder when 2225 is divided by 546?
41
What is the remainder when 10382 is divided by 164?
50
Calculate the remainder when 5619 is divided by 328.
43
What is the remainder when 178742 is divided by 67?
53
What is the remainder when 441162 is divided by 121?
117
What is the remainder when 109981 is divided by 224?
221
What is the remainder when 10990 is divided by 114?
46
Calculate the remainder when 2899 is divided by 202.
71
Calculate the remainder when 10692 is divided by 1682.
600
What is the remainder when 34315 is divided by 3425?
65
Calculate the remainder when 7967 is divided by 150.
17
What is the remainder when 3528 is divided by 705?
3
What is the remainder when 98 is divided by 36?
26
What is the remainder when 77135 is divided by 3351?
62
What is the remainder when 31845 is divided by 176?
165
What is the remainder when 436524 is divided by 127?
25
Calculate the remainder when 52143 is divided by 767.
754
What is the remainder when 16236 is divided by 170?
86
Calculate the remainder when 49754 is divided by 7107.
5
Calculate the remainder when 3182 is divided by 78.
62
What is the remainder when 1371 is divided by 309?
135
What is the remainder when 4872 is divided by 1217?
4
Calculate the remainder when 9348 is divided by 9328.
20
What is the remainder when 1601 is divided by 100?
1
What is the remainder when 5243 is divided by 32?
27
What is the remainder when 599 is divided by 9?
5
What is the remainder when 5582 is divided by 100?
82
What is the remainder when 19497 is divided by 2258?
1433
What is the remainder when 5336 is divided by 168?
128
What is the remainder when 3646 is divided by 1157?
175
What is the remainder when 21875 is divided by 11?
7
Calculate the remainder when 56495 is divided by 6277.
2
What is the remainder when 712999 is divided by 200?
199
Calculate the remainder when 13161 is divided by 30.
21
Calculate the remainder when 1181 is divided by 344.
149
What is the remainder when 1980 is divided by 728?
524
What is the remainder when 3737 is divided by 398?
155
What is the remainder when 372792 is divided by 10651?
7
What is the remainder when 19638 is divided by 1150?
88
What is the remainder when 205099 is divided by 13?
11
What is the remainder when 40774 is divided by 1406?
0
Calculate the remainder when 28017 is divided by 60.
57
Calculate the remainder when 644793 is divided by 644789.
4
What is the remainder when 4382 is divided by 118?
16
Calculate the remainder when 84379 is divided by 293.
288
Calculate the remainder when 14154 is divided by 590.
584
Calculate the remainder when 80115 is divided by 13.
9
What is the remainder when 114650 is divided by 612?
206
What is the remainder when 18864 is divided by 55?
54
Calculate the remainder when 167039 is divided by 167037.
2
Calculate the remainder when 7219 is divided by 56.
51
Calculate the remainder when 8100 is divided by 658.
204
Calculate the remainder when 60183 is divided by 164.
159
What is the remainder when 96995 is divided by 1469?
41
Calculate the remainder when 2563 is divided by 1993.
570
What is the remainder when 23406 is divided by 185?
96
Calculate the remainder when 4453 is divided by 4255.
198
Calculate the remainder when 8889 is divided by 155.
54
Calculate the remainder when 1730 is divided by 1676.
54
Calculate the remainder when 12794 is divided by 178.
156
Calculate the remainder when 16837 is divided by 672.
37
Calculate the remainder when 2260315 is divided by 68.
63
Calculate the remainder when 187 is divided by 104.
83
Calculate the remainder when 572677 is divided by 57.
55
What is the remainder when 5239 is divided by 1815?
1609
What is the remainder when 2646286 is divided by 799?
797
What is the remainder when 66498 is divided by 266?
264
What is the remainder when 31985 is divided by 1999?
1
Calculate the remainder when 962 is divided by 333.
